{"id":21954,"date":"2025-02-25T10:07:46","date_gmt":"2025-02-25T09:07:46","guid":{"rendered":"https:\/\/travel.mikelgnz.com\/?page_id=21954"},"modified":"2025-02-25T10:07:46","modified_gmt":"2025-02-25T09:07:46","slug":"politica-de-cookies","status":"publish","type":"page","link":"https:\/\/bookroad.tours\/index.php\/politica-de-cookies\/","title":{"rendered":"Pol\u00edtica de Cookies"},"content":{"rendered":"\n<p>1.- \u00bfQu\u00e9 es una cookie?<br>Una Cookie es un fichero que se descarga en tu ordenador al acceder a determinadas p\u00e1ginas web. Las cookies permiten a una p\u00e1gina web, entre otras cosas, almacenar y recuperar informaci\u00f3n sobre los h\u00e1bitos de navegaci\u00f3n de un usuario o de su equipo y, dependiendo de la informaci\u00f3n que contengan y de la forma en que utilice su equipo, pueden utilizarse para reconocer al usuario. El navegador del usuario memoriza cookies en el disco duro solamente durante la sesi\u00f3n actual ocupando un espacio de memoria m\u00ednimo y no perjudicando al ordenador. Las cookies no contienen ninguna clase de informaci\u00f3n personal espec\u00edfica, y la mayor\u00eda de las mismas se borran del disco duro al finalizar la sesi\u00f3n de navegador (las denominadas cookies de sesi\u00f3n).<br>La \u200b\u200bmayor\u00eda de los navegadores aceptan como est\u00e1ndar a las cookies y, con independencia de las mismas, permiten o impiden en los ajustes de seguridad las cookies temporales o memorizadas.<\/p>\n\n\n\n<p>2.- \u00bfPor qu\u00e9 BOOKROAD.TOURS utiliza Cookies?<br>Las cookies se utilizan con el objetivo de mejorar tu experiencia de usuario, por lo tanto, son una parte importante de c\u00f3mo funciona nuestro Sitio Web. Entre otras finalidades, pueden ser utilizadas para recordar el idioma utilizado durante la navegaci\u00f3n y en futuras visitas.<br>3.- \u00bfQu\u00e9 informaci\u00f3n almacena una cookie?<br>La informaci\u00f3n que suele almacenar una cookie no es considerada informaci\u00f3n sensible, no almacena datos como los bancarios, el D.N.I., entre otros. No se identifica al usuario como persona, sino que el servidor web lo asocia a su navegador web.<\/p>\n\n\n\n<p>4.- \u00bfQu\u00e9 tipo de cookies existen?<\/p>\n\n\n\n<ul class=\"wp-block-list\">\n<li>Cookies t\u00e9cnicas: Son aquellas que permiten al usuario la navegaci\u00f3n a trav\u00e9s de una p\u00e1gina web, plataforma o aplicaci\u00f3n y la utilizaci\u00f3n de las diferentes opciones o servicios que en ella existan como, por ejemplo, controlar el tr\u00e1fico y la comunicaci\u00f3n de datos, identificar la sesi\u00f3n, acceder a partes de acceso restringido, recordar los elementos que integran un pedido, realizar el proceso de compra de un pedido, realizar la solicitud de inscripci\u00f3n o participaci\u00f3n en un evento, utilizar elementos de seguridad durante la navegaci\u00f3n, almacenar contenidos para la difusi\u00f3n de v\u00eddeos o sonido o compartir contenidos a trav\u00e9s de redes sociales.<\/li>\n\n\n\n<li>Cookies de sesi\u00f3n: Recaban y almacenan datos durante la sesi\u00f3n del usuario para, por ejemplo, facilitar el acceso a los servicios del sitio web. Se eliminan al terminar la sesi\u00f3n.<br>\u2013 Cookies de personalizaci\u00f3n: Son aqu\u00e9llas que permiten al usuario acceder al servicio con algunas caracter\u00edsticas de car\u00e1cter general predefinidas en funci\u00f3n de una serie de criterios en el terminal del usuario como por ejemplo serian el idioma, el tipo de navegador a trav\u00e9s del cual accede al servicio, la configuraci\u00f3n regional desde donde accede al servicio, etc.<br>\u2013 Cookies de an\u00e1lisis: Son aqu\u00e9llas que bien tratadas por nosotros o por terceros, nos permiten cuantificar el n\u00famero de usuarios y as\u00ed realizar la medici\u00f3n y an\u00e1lisis estad\u00edstico de la utilizaci\u00f3n que hacen los usuarios del servicio ofertado. Para ello se analiza su navegaci\u00f3n en nuestra p\u00e1gina web con el fin de mejorar la oferta de productos o servicios que le ofrecemos.<br>\u2013 Cookies publicitarias: Son aqu\u00e9llas que, bien tratadas por nosotros o por terceros, nos permiten gestionar de la forma m\u00e1s eficaz posible la oferta de los espacios publicitarios que hay en la p\u00e1gina web, adecuando el contenido del anuncio al contenido del servicio solicitado o al uso que realice de nuestra p\u00e1gina web. Para ello podemos analizar sus h\u00e1bitos de navegaci\u00f3n en Internet y podemos mostrarle publicidad relacionada con su perfil de navegaci\u00f3n.<br>\u2013 Cookies de publicidad comportamental: Son aqu\u00e9llas que permiten la gesti\u00f3n, de la forma m\u00e1s eficaz posible, de los espacios publicitarios que, en su caso, el editor haya incluido en una p\u00e1gina web, aplicaci\u00f3n o plataforma desde la que presta el servicio solicitado. Estas cookies almacenan informaci\u00f3n del comportamiento de los usuarios obtenida a trav\u00e9s de la observaci\u00f3n continuada de sus h\u00e1bitos de navegaci\u00f3n, lo que permite desarrollar un perfil espec\u00edfico para mostrar publicidad en funci\u00f3n del mismo.<\/li>\n<\/ul>\n\n\n\n<p>5.- \u00bfQu\u00e9 son las cookies propias y de terceros?<br>\u2013 Cookies propias: Son aqu\u00e9llas que se env\u00edan al usuario desde un equipo o dominio gestionado por nosotros.<br>\u2013 Cookies de terceros: Ser\u00edan las generadas por servicios o proveedores externos como Facebook, Twitter, Google, etc.<\/p>\n\n\n\n<ol start=\"6\" class=\"wp-block-list\">\n<li>\u00bfQu\u00e9 cookies se utilizan en esta web?<br>La Web de BOOKROAD.TOURS utiliza cookies propias y, en concreto, cookies de sesi\u00f3n, que son aquellas que recaban y almacenan datos mientras el usuario accede al mismo.<br>Asimismo, podr\u00e1 utilizar cookies de terceros que recopilar\u00e1n informaci\u00f3n con fines estad\u00edsticos de uso del Sitio Web por parte del usuario y para la prestaci\u00f3n de otros servicios relacionados con la actividad de este y otros servicios de Internet.<\/li>\n<\/ol>\n\n\n\n<p>7.- \u00bfSe pueden desactivar o eliminar las cookies?<br>En cualquier momento puedes rechazar el tratamiento de los datos o la informaci\u00f3n recogida por las cookies, mediante la configuraci\u00f3n de las opciones de tu navegador de Internet. Puedes permitir, bloquear (de forma general o particular para un dominio espec\u00edfico) o eliminar las cookies instaladas en tu equipo.<br>Sin embargo, esto podr\u00eda afectar a la navegaci\u00f3n \u00f3ptima por nuestra web, ya que algunas funcionalidades quedar\u00edan deshabilitadas y la visualizaci\u00f3n de algunas herramientas podr\u00eda verse perjudicada.<\/p>\n\n\n\n<p>Para m\u00e1s informaci\u00f3n visita nuestra p\u00e1gina web.<\/p>\n","protected":false},"excerpt":{"rendered":"<p>1.- \u00bfQu\u00e9 es una cookie?Una Cookie es un fichero que se descarga en tu ordenador al acceder a determinadas p\u00e1ginas web. Las cookies permiten a una p\u00e1gina web, entre otras cosas, almacenar y recuperar informaci\u00f3n sobre los h\u00e1bitos de navegaci\u00f3n de un usuario o de su equipo y, dependiendo de la informaci\u00f3n que contengan y [&hellip;]<\/p>\n","protected":false},"author":1,"featured_media":0,"parent":0,"menu_order":0,"comment_status":"closed","ping_status":"closed","template":"","meta":{"_acf_changed":false,"footnotes":""},"class_list":["post-21954","page","type-page","status-publish","hentry"],"acf":[],"yoast_head":"<!-- This site is optimized with the Yoast SEO plugin v27.6 - https:\/\/yoast.com\/product\/yoast-seo-wordpress\/ -->\n<title>Pol\u00edtica de Cookies - Bookroad Tours<\/title>\n<meta name=\"robots\" content=\"index, follow, max-snippet:-1, max-image-preview:large, max-video-preview:-1\" \/>\n<link rel=\"canonical\" href=\"https:\/\/bookroad.tours\/index.php\/politica-de-cookies\/\" \/>\n<meta property=\"og:locale\" content=\"es_ES\" \/>\n<meta property=\"og:type\" content=\"article\" \/>\n<meta property=\"og:title\" content=\"Pol\u00edtica de Cookies - Bookroad Tours\" \/>\n<meta property=\"og:description\" content=\"1.- \u00bfQu\u00e9 es una cookie?Una Cookie es un fichero que se descarga en tu ordenador al acceder a determinadas p\u00e1ginas web. Las cookies permiten a una p\u00e1gina web, entre otras cosas, almacenar y recuperar informaci\u00f3n sobre los h\u00e1bitos de navegaci\u00f3n de un usuario o de su equipo y, dependiendo de la informaci\u00f3n que contengan y [&hellip;]\" \/>\n<meta property=\"og:url\" content=\"https:\/\/bookroad.tours\/index.php\/politica-de-cookies\/\" \/>\n<meta property=\"og:site_name\" content=\"Bookroad Tours\" \/>\n<meta property=\"og:image\" content=\"https:\/\/bookroad.tours\/wp-content\/uploads\/2025\/05\/Deba.jpg\" \/>\n\t<meta property=\"og:image:width\" content=\"1200\" \/>\n\t<meta property=\"og:image:height\" content=\"783\" \/>\n\t<meta property=\"og:image:type\" content=\"image\/jpeg\" \/>\n<meta name=\"twitter:card\" content=\"summary_large_image\" \/>\n<meta name=\"twitter:label1\" content=\"Tiempo de lectura\" \/>\n\t<meta name=\"twitter:data1\" content=\"5 minutos\" \/>\n<script type=\"application\/ld+json\" class=\"yoast-schema-graph\">{\"@context\":\"https:\\\/\\\/schema.org\",\"@graph\":[{\"@type\":\"WebPage\",\"@id\":\"https:\\\/\\\/bookroad.tours\\\/index.php\\\/politica-de-cookies\\\/\",\"url\":\"https:\\\/\\\/bookroad.tours\\\/index.php\\\/politica-de-cookies\\\/\",\"name\":\"Pol\u00edtica de Cookies - Bookroad Tours\",\"isPartOf\":{\"@id\":\"https:\\\/\\\/bookroad.tours\\\/#website\"},\"datePublished\":\"2025-02-25T09:07:46+00:00\",\"breadcrumb\":{\"@id\":\"https:\\\/\\\/bookroad.tours\\\/index.php\\\/politica-de-cookies\\\/#breadcrumb\"},\"inLanguage\":\"es\",\"potentialAction\":[{\"@type\":\"ReadAction\",\"target\":[\"https:\\\/\\\/bookroad.tours\\\/index.php\\\/politica-de-cookies\\\/\"]}]},{\"@type\":\"BreadcrumbList\",\"@id\":\"https:\\\/\\\/bookroad.tours\\\/index.php\\\/politica-de-cookies\\\/#breadcrumb\",\"itemListElement\":[{\"@type\":\"ListItem\",\"position\":1,\"name\":\"Portada\",\"item\":\"https:\\\/\\\/bookroad.tours\\\/index.php\\\/en\\\/main\\\/\"},{\"@type\":\"ListItem\",\"position\":2,\"name\":\"Pol\u00edtica de Cookies\"}]},{\"@type\":\"WebSite\",\"@id\":\"https:\\\/\\\/bookroad.tours\\\/#website\",\"url\":\"https:\\\/\\\/bookroad.tours\\\/\",\"name\":\"Bookroad Tours\",\"description\":\"Your Spain Luxury Travel Experts\",\"publisher\":{\"@id\":\"https:\\\/\\\/bookroad.tours\\\/#organization\"},\"potentialAction\":[{\"@type\":\"SearchAction\",\"target\":{\"@type\":\"EntryPoint\",\"urlTemplate\":\"https:\\\/\\\/bookroad.tours\\\/?s={search_term_string}\"},\"query-input\":{\"@type\":\"PropertyValueSpecification\",\"valueRequired\":true,\"valueName\":\"search_term_string\"}}],\"inLanguage\":\"es\"},{\"@type\":\"Organization\",\"@id\":\"https:\\\/\\\/bookroad.tours\\\/#organization\",\"name\":\"Bookroad Tours\",\"url\":\"https:\\\/\\\/bookroad.tours\\\/\",\"logo\":{\"@type\":\"ImageObject\",\"inLanguage\":\"es\",\"@id\":\"https:\\\/\\\/bookroad.tours\\\/#\\\/schema\\\/logo\\\/image\\\/\",\"url\":\"https:\\\/\\\/bookroad.tours\\\/wp-content\\\/uploads\\\/2025\\\/02\\\/cropped-logo-br-tours2-3.png\",\"contentUrl\":\"https:\\\/\\\/bookroad.tours\\\/wp-content\\\/uploads\\\/2025\\\/02\\\/cropped-logo-br-tours2-3.png\",\"width\":1084,\"height\":233,\"caption\":\"Bookroad Tours\"},\"image\":{\"@id\":\"https:\\\/\\\/bookroad.tours\\\/#\\\/schema\\\/logo\\\/image\\\/\"}}]}<\/script>\n<!-- \/ Yoast SEO plugin. -->","yoast_head_json":{"title":"Pol\u00edtica de Cookies - Bookroad Tours","robots":{"index":"index","follow":"follow","max-snippet":"max-snippet:-1","max-image-preview":"max-image-preview:large","max-video-preview":"max-video-preview:-1"},"canonical":"https:\/\/bookroad.tours\/index.php\/politica-de-cookies\/","og_locale":"es_ES","og_type":"article","og_title":"Pol\u00edtica de Cookies - Bookroad Tours","og_description":"1.- \u00bfQu\u00e9 es una cookie?Una Cookie es un fichero que se descarga en tu ordenador al acceder a determinadas p\u00e1ginas web. Las cookies permiten a una p\u00e1gina web, entre otras cosas, almacenar y recuperar informaci\u00f3n sobre los h\u00e1bitos de navegaci\u00f3n de un usuario o de su equipo y, dependiendo de la informaci\u00f3n que contengan y [&hellip;]","og_url":"https:\/\/bookroad.tours\/index.php\/politica-de-cookies\/","og_site_name":"Bookroad Tours","og_image":[{"width":1200,"height":783,"url":"https:\/\/bookroad.tours\/wp-content\/uploads\/2025\/05\/Deba.jpg","type":"image\/jpeg"}],"twitter_card":"summary_large_image","twitter_misc":{"Tiempo de lectura":"5 minutos"},"schema":{"@context":"https:\/\/schema.org","@graph":[{"@type":"WebPage","@id":"https:\/\/bookroad.tours\/index.php\/politica-de-cookies\/","url":"https:\/\/bookroad.tours\/index.php\/politica-de-cookies\/","name":"Pol\u00edtica de Cookies - Bookroad Tours","isPartOf":{"@id":"https:\/\/bookroad.tours\/#website"},"datePublished":"2025-02-25T09:07:46+00:00","breadcrumb":{"@id":"https:\/\/bookroad.tours\/index.php\/politica-de-cookies\/#breadcrumb"},"inLanguage":"es","potentialAction":[{"@type":"ReadAction","target":["https:\/\/bookroad.tours\/index.php\/politica-de-cookies\/"]}]},{"@type":"BreadcrumbList","@id":"https:\/\/bookroad.tours\/index.php\/politica-de-cookies\/#breadcrumb","itemListElement":[{"@type":"ListItem","position":1,"name":"Portada","item":"https:\/\/bookroad.tours\/index.php\/en\/main\/"},{"@type":"ListItem","position":2,"name":"Pol\u00edtica de Cookies"}]},{"@type":"WebSite","@id":"https:\/\/bookroad.tours\/#website","url":"https:\/\/bookroad.tours\/","name":"Bookroad Tours","description":"Your Spain Luxury Travel Experts","publisher":{"@id":"https:\/\/bookroad.tours\/#organization"},"potentialAction":[{"@type":"SearchAction","target":{"@type":"EntryPoint","urlTemplate":"https:\/\/bookroad.tours\/?s={search_term_string}"},"query-input":{"@type":"PropertyValueSpecification","valueRequired":true,"valueName":"search_term_string"}}],"inLanguage":"es"},{"@type":"Organization","@id":"https:\/\/bookroad.tours\/#organization","name":"Bookroad Tours","url":"https:\/\/bookroad.tours\/","logo":{"@type":"ImageObject","inLanguage":"es","@id":"https:\/\/bookroad.tours\/#\/schema\/logo\/image\/","url":"https:\/\/bookroad.tours\/wp-content\/uploads\/2025\/02\/cropped-logo-br-tours2-3.png","contentUrl":"https:\/\/bookroad.tours\/wp-content\/uploads\/2025\/02\/cropped-logo-br-tours2-3.png","width":1084,"height":233,"caption":"Bookroad Tours"},"image":{"@id":"https:\/\/bookroad.tours\/#\/schema\/logo\/image\/"}}]}},"_links":{"self":[{"href":"https:\/\/bookroad.tours\/index.php\/wp-json\/wp\/v2\/pages\/21954","targetHints":{"allow":["GET"]}}],"collection":[{"href":"https:\/\/bookroad.tours\/index.php\/wp-json\/wp\/v2\/pages"}],"about":[{"href":"https:\/\/bookroad.tours\/index.php\/wp-json\/wp\/v2\/types\/page"}],"author":[{"embeddable":true,"href":"https:\/\/bookroad.tours\/index.php\/wp-json\/wp\/v2\/users\/1"}],"replies":[{"embeddable":true,"href":"https:\/\/bookroad.tours\/index.php\/wp-json\/wp\/v2\/comments?post=21954"}],"version-history":[{"count":0,"href":"https:\/\/bookroad.tours\/index.php\/wp-json\/wp\/v2\/pages\/21954\/revisions"}],"wp:attachment":[{"href":"https:\/\/bookroad.tours\/index.php\/wp-json\/wp\/v2\/media?parent=21954"}],"curies":[{"name":"wp","href":"https:\/\/api.w.org\/{rel}","templated":true}]}}